f 29405?
5, 5881
What are the prime factors of 2201?
31, 71
List the prime factors of 94724.
2, 7, 17, 199
List the prime factors of 14096.
2, 881
What are the prime factors of 3838?
2, 19, 101
What are the prime factors of 148398?
2, 3, 24733
What are the prime factors of 266?
2, 7, 19
List the prime factors of 181049.
11, 109, 151
List the prime factors of 1054.
2, 17, 31
List the prime factors of 804.
2, 3, 67
List the prime factors of 62326.
2, 11, 2833
What are the prime factors of 3243?
3, 23, 47
What are the prime factors of 2476?
2, 619
What are the prime factors of 1870?
2, 5, 11, 17
What are the prime factors of 83496?
2, 3, 7, 71
What are the prime factors of 52082?
2, 26041
What are the prime factors of 140707?
7, 20101
List the prime factors of 24397.
31, 787
List the prime factors of 14163.
3, 4721
List the prime factors of 23438.
2, 11719
What are the prime factors of 20332?
2, 13, 17, 23
List the prime factors of 40620.
2, 3, 5, 677
What are the prime factors of 132095?
5, 29, 911
What are the prime factors of 38938?
2, 19469
What are the prime factors of 82451?
41, 2011
List the prime factors of 940.
2, 5, 47
What are the prime factors of 5346?
2, 3, 11
What are the prime factors of 49523?
49523
List the prime factors of 5666.
2, 2833
List the prime factors of 8199.
3, 911
List the prime factors of 694.
2, 347
What are the prime factors of 1020?
2, 3, 5, 17
What are the prime factors of 472?
2, 59
What are the prime factors of 9884?
2, 7, 353
List the prime factors of 29574.
2, 3, 31, 53
What are the prime factors of 15092?
2, 7, 11
List the prime factors of 1281.
3, 7, 61
What are the prime factors of 23679?
3, 877
List the prime factors of 14601.
3, 31, 157
List the prime factors of 5816.
2, 727
What are the prime factors of 60162?
2, 3, 37, 271
What are the prime factors of 9104?
2, 569
What are the prime factors of 2492?
2, 7, 89
List the prime factors of 182.
2, 7, 13
What are the prime factors of 2183?
37, 59
List the prime factors of 3460.
2, 5, 173
List the prime factors of 836.
2, 11, 19
What are the prime factors of 18715?
5, 19, 197
What are the prime factors of 5611?
31, 181
List the prime factors of 1304.
2, 163
List the prime factors of 20044.
2, 5011
List the prime factors of 35942.
2, 17971
List the prime factors of 43299.
3, 17, 283
What are the prime factors of 1438?
2, 719
List the prime factors of 61.
61
List the prime factors of 544.
2, 17
What are the prime factors of 43013?
43013
List the prime factors of 16945.
5, 3389
What are the prime factors of 5134?
2, 17, 151
What are the prime factors of 233?
233
List the prime factors of 746.
2, 373
List the prime factors of 1873.
1873
What are the prime factors of 692?
2, 173
What are the prime factors of 7721?
7, 1103
List the prime factors of 8138.
2, 13, 313
List the prime factors of 19042.
2, 9521
List the prime factors of 24766.
2, 7, 29, 61
List the prime factors of 1045.
5, 11, 19
What are the prime factors of 2680?
2, 5, 67
List the prime factors of 715.
5, 11, 13
What are the prime factors of 11349?
3, 13, 97
What are the prime factors of 2396?
2, 599
What are the prime factors of 1210?
2, 5, 11
List the prime factors of 411.
3, 137
What are the prime factors of 46884?
2, 3, 3907
List the prime factors of 7612.
2, 11, 173
What are the prime factors of 2783?
11, 23
What are the prime factors of 2375?
5, 19
List the prime factors of 1339.
13, 103
What are the prime factors of 1468?
2, 367
List the prime factors of 891.
3, 11
What are the prime factors of 47484?
2, 3, 1319
What are the prime factors of 64343?
37, 47
List the prime factors of 29770.
2, 5, 13, 229
List the prime factors of 10897.
17, 641
What are the prime factors of 55721?
55721
List the prime factors of 11945.
5, 2389
What are the prime factors of 13201?
43, 307
List the prime factors of 26329.
113, 233
What are the prime factors of 12474?
2, 3, 7, 11
List the prime factors of 15080.
2, 5, 13, 29
What are the prime factors of 13779?
3, 1531
What are the prime factors of 40450?
2, 5, 809
What are the prime factors of 23081?
23081
List the prime factors of 1149.
3, 383
What are the prime factors of 11866?
2, 17, 349
What are the prime factors of 19317?
3, 47, 137
List the prime factors of 294.
2, 3, 7
List the prime factors of 68041.
68041
List the prime factors of 1182.
2, 3, 197
List the prime factors of 2628.
2, 3, 73
What are the prime factors of 58628?
2, 14657
List the prime factors of 2031.
3, 677
What are the prime factors of 14224?
2, 7, 127
List the prime factors of 280.
2, 5, 7
List the prime factors of 129465.
3, 5, 7, 137
What are the prime factors of 169?
13
What are the prime factors of 11328?
2, 3, 59
List the prime factors of 110971.
7, 83, 191
List the prime factors of 24975.
3, 5, 37
List the prime factors of 3934.
2, 7, 281
List the prime factors of 1952.
2, 61
What are the prime factors of 3087?
3, 7
List the prime factors of 33011.
11, 3001
List the prime factors of 1576.
2, 197
What are the prime factors of 860?
2, 5, 43
List the prime factors of 8682.
2, 3, 1447
What are the prime factors of 76776?
2, 3, 7, 457
What are the prime factors of 670?
2, 5, 67
What are the prime factors of 527?
17, 31
List the prime factors of 1348.
2, 337
What are the prime factors of 3908?
2, 977
List the prime factors of 154.
2, 7, 11
List the prime factors of 785.
5, 157
What are the prime factors of 162?
2, 3
What are the prime factors of 47934?
2, 3, 2663
What are the prime factors of 186?
2, 3, 31
What are the prime factors of 1703?
13, 131
List the prime factors of 8054.
2, 4027
List the prime factors of 29782.
2, 14891
List the prime factors of 439.
439
List the prime factors of 2724.
2, 3, 227
What are the prime factors of 1022?
2, 7, 73
What are the prime factors of 16242?
2, 3, 2707
What are the prime factors of 2766?
2, 3, 461
What are the prime factors of 4793?
4793
List the prime factors of 18477.
3, 2053
What are the prime factors of 158?
2, 79
List the prime factors of 34551.
3, 11, 349
List the prime factors of 1721.
1721
List the prime factors of 3001.
3001
What are the prime factors of 110038?
2, 37, 1487
What are the prime factors of 4442?
2, 2221
What are the prime factors of 58856?
2, 7, 1051
List the prime factors of 69872.
2, 11, 397
What are the prime factors of 4598?
2, 11, 19
What are the prime factors of 7182?
2, 3, 7, 19
List the prime factors of 401.
401
List the prime factors of 78868.
2, 19717
List the prime factors of 19681.
19681
What are the prime factors of 3223?
11, 293
List the prime factors of 99082.
2, 107, 463
What are the prime factors of 1390?
2, 5, 139
List the prime factors of 2197.
13
List the prime factors of 5882.
2, 17, 173
What are the prime factors of 13398?
2, 3, 7, 11, 29
What are the prime factors of 532?
2, 7, 19
List the prime factors of 1340.
2, 5, 67
List the prime factors of 5317.
13, 409
List the prime factors of 625.
5
List the prime factors of 757.
757
What are the prime factors of 9162?
2, 3, 509
List the prime factors of 116210.
2, 5, 11621
What are the prime factors of 15601?
15601
List the prime factors of 61125.
3, 5, 163
What are the prime factors of 1005?
3, 5, 67
What are the prime factors of 22996?
2, 5749
List the prime factors of 4997.
19, 263
What are the prime factors of 6783?
3, 7, 17, 19
List the prime factors of 19975.
5, 17, 47
What are the prime factors of 870?
2, 3, 5, 29
What are the prime factors of 1887?
3, 17, 37
List the prime factors of 16423.
11, 1493
List the prime factors of 7763.
7, 1109
What are the prime factors of 1135?
5, 227
List the prime factors of 64055.
5, 23, 557
What are the prime factors of 68?
2, 17
List the prime factors of 733.
733
What are the prime factors of 43638?
2, 3, 7, 1039
What are the prime factors of 309?
3, 103
List the prime factors of 21438.
2, 3, 397
List the prime factors of 29057.
7, 593
What are the prime factors of 1592?
2, 199
What are the prime factors of 58?
2, 29
List the prime factors of 33956.
2, 13, 653
What are the prime factors of 54493?
54493
What are the prime factors of 112896?
2, 3, 7
What are the prime factors of 9067?
9067
List the prime factors of 627.
3, 11, 19
List the prime factors of 7253.
7253
List the prime factors of 8801.
13, 677
What ar